?
1
What is the tens digit of 57162?
6
What is the ten thousands digit of 96971?
9
What is the tens digit of 44873?
7
What is the units digit of 2611?
1
What is the thousands digit of 1288?
1
What is the tens digit of 551?
5
What is the units digit of 7703?
3
What is the thousands digit of 48085?
8
What is the tens digit of 352?
5
What is the tens digit of 386?
8
What is the ten thousands digit of 84822?
8
What is the ten thousands digit of 56798?
5
What is the thousands digit of 1504?
1
What is the tens digit of 4269?
6
What is the tens digit of 8867?
6
What is the hundreds digit of 3486?
4
What is the units digit of 5352?
2
What is the thousands digit of 68077?
8
What is the thousands digit of 1087?
1
What is the tens digit of 5946?
4
What is the ten thousands digit of 16025?
1
What is the tens digit of 51394?
9
What is the hundreds digit of 4336?
3
What is the thousands digit of 1652?
1
What is the hundreds digit of 4787?
7
What is the units digit of 1208?
8
What is the units digit of 1200?
0
What is the thousands digit of 7253?
7
What is the tens digit of 12667?
6
What is the tens digit of 4092?
9
What is the units digit of 110694?
4
What is the tens digit of 20097?
9
What is the hundreds digit of 2948?
9
What is the tens digit of 1438?
3
What is the hundreds digit of 1516?
5
What is the hundreds digit of 14084?
0
What is the units digit of 9541?
1
What is the tens digit of 41019?
1
What is the hundreds digit of 50857?
8
What is the units digit of 30194?
4
What is the tens digit of 4364?
6
What is the hundreds digit of 15812?
8
What is the hundreds digit of 13908?
9
What is the thousands digit of 9446?
9
What is the thousands digit of 75183?
5
What is the tens digit of 1312?
1
What is the hundreds digit of 14762?
7
What is the tens digit of 1398?
9
What is the units digit of 1190?
0
What is the hundred thousands digit of 116430?
1
What is the thousands digit of 43847?
3
What is the thousands digit of 2584?
2
What is the ten thousands digit of 10283?
1
What is the thousands digit of 5493?
5
What is the ten thousands digit of 47830?
4
What is the units digit of 40568?
8
What is the units digit of 13357?
7
What is the units digit of 18893?
3
What is the units digit of 3629?
9
What is the units digit of 1893?
3
What is the units digit of 2106?
6
What is the tens digit of 261?
6
What is the tens digit of 4077?
7
What is the tens digit of 245?
4
What is the hundreds digit of 2061?
0
What is the tens digit of 970?
7
What is the tens digit of 8813?
1
What is the hundreds digit of 14611?
6
What is the thousands digit of 36005?
6
What is the tens digit of 7014?
1
What is the units digit of 359?
9
What is the thousands digit of 1217?
1
What is the thousands digit of 28371?
8
What is the tens digit of 916?
1
What is the units digit of 5252?
2
What is the tens digit of 910?
1
What is the ten thousands digit of 39593?
3
What is the ten thousands digit of 122194?
2
What is the ten thousands digit of 38127?
3
What is the tens digit of 575?
7
What is the ten thousands digit of 176574?
7
What is the thousands digit of 3967?
3
What is the units digit of 1161?
1
What is the tens digit of 3022?
2
What is the thousands digit of 9105?
9
What is the hundreds digit of 5101?
1
What is the tens digit of 35627?
2
What is the tens digit of 19655?
5
What is the hundreds digit of 4091?
0
What is the thousands digit of 2165?
2
What is the thousands digit of 10383?
0
What is the tens digit of 2053?
5
What is the thousands digit of 10764?
0
What is the units digit of 25609?
9
What is the thousands digit of 4165?
4
What is the units digit of 109271?
1
What is the ten thousands digit of 26200?
2
What is the thousands digit of 1132?
1
What is the hundred thousands digit of 119620?
1
What is the units digit of 6353?
3
What is the hundreds digit of 1176?
1
What is the ten thousands digit of 35221?
3
What is the hundreds digit of 10359?
3
What is the thousands digit of 142979?
2
What is the hundreds digit of 656?
6
What is the hundreds digit of 9222?
2
What is the thousands digit of 1513?
1
What is the units digit of 5113?
3
What is the units digit of 23573?
3
What is the tens digit of 28017?
1
What is the thousands digit of 3156?
3
What is the thousands digit of 9559?
9
What is the thousands digit of 27832?
7
What is the tens digit of 18925?
2
What is the hundreds digit of 885?
8
What is the tens digit of 26085?
8
What is the tens digit of 459?
5
What is the tens digit of 6442?
4
What is the thousands digit of 1937?
1
What is the hundreds digit of 7783?
7
What is the ten thousands digit of 158286?
5
What is the hundreds digit of 1242?
2
What is the thousands digit of 87068?
7
What is the ten thousands digit of 92707?
9
What is the tens digit of 3872?
7
What is the hundreds digit of 2183?
1
What is the units digit of 3247?
7
What is the hundreds digit of 23274?
2
What is the tens digit of 70473?
7
What is the ten thousands digit of 89047?
8
What is the ten thousands digit of 91608?
9
What is the thousands digit of 29369?
9
What is the units digit of 867?
7
What is the tens digit of 721?
2
What is the ten thousands digit of 11336?
1
What is the thousands digit of 1543?
1
What is the units digit of 907?
7
What is the tens digit of 2664?
6
What is the hundreds digit of 541?
5
What is the tens digit of 1966?
6
What is the thousands digit of 1340?
1
What is the units digit of 82770?
0
What is the hundreds digit of 4914?
9
What is the tens digit of 8989?
8
What is the units digit of 11968?
8
What is the tens digit of 11698?
9
What is the hundreds digit of 1696?
6
What is the hundreds digit of 216?
2
What is the tens digit of 1603?
0
What is the hundreds digit of 12672?
6
What is the units digit of 463?
3
What is the thousands digit of 44056?
4
What is the thousands digit of 3319?
3
What is the hundreds digit of 165?
1
What is the hundreds digit of 45244?
2
What is the hundreds digit of 42812?
8
What is the hundreds digit of 2898?
8
What is the thousands digit of 1941?
1
What is the thousands digit of 1471?
1
What is the thousands digit of 18036?
8
What is the tens digit of 66942?
4
What is the units digit of 690?
0
What is the tens digit of 743?
4
What is the thousands digit of 109600?
9
What is the thousands digit of 3077?
3
What is the units digit of 4748?
8
What is the units digit of 569?
9
What is the thousands digit of 13905?
3
What is the hundreds digit of 441?
4
What is the hundreds digit of 2282?
2
What is the units digit of 2765?
5
What is the units digit of 4070?
0
What is the thousands digit of 1321?
1
What is the ten thousands digit of 19382?
1
What is the units digit of 76729?
9
What is the hundreds digit of 29822?
8
What is the units digit of 85714?
4
What is the thousands digit of 2582?
2
What is the hundreds digit of 32428?
4
What is the hundreds digit of 5823?
8
What is the tens digit of 31?
3
What is the tens digit of 730?
3
What is the ten thousands digit of 11324?
1
What is the hundreds digit of 38732?
7
What is the units digit of 2984?
4
What is the hundreds digit of 51074?
0
What is the units digit of 1785?
5
What is the hundred thousands digit of 141645?
1
What is the hundreds digit of 594?
5
What is the units digit of 12634?
4
What is the units digit of 157?
7
What is the hundreds digit of 17042?
0
What is the hundreds digit of 8868?
8
What is the hundreds digit of 2098?
0
What is the hundreds digit of 1112?
1
What is the hundreds digit of 2018?
0
What is the hundreds digit of 2602?
6
What is the thousands digit of 2031?
2
What is the units digit of 3570?
0
What is the units digit of 168?
8
What is the thousands digit of 9996?
9
What is the units digit of 13187?
7
What is the units digit of 15096?
6
What is the thousands digit of 4467?
4
What is the ten thousands digit of 34682?
3
What is the thousands digit of 6809?
6
What is the hundreds digit of 656?
6
What is the units digit of 228?
8
What is the hundreds digit of 446?
4
What is the thousands digit of 7480?
7
What is the hundreds digit of 560?
5
What is the units digit of 1183?
3
What is the units digit of 12364?
4
What is the tens digit of 46451?
5
What is the units digit of 3424?
4
What is the hundreds digit of 1606?
6
What is the hundreds digit of 5733?
7
What is the thousands digit of 27163?
7
What